e
Suppose -2*k + 3 + 3 = 0. Suppose k*b - 2 = 2*u - 1, -2*u - b = -19. Is u a prime number?
True
Let v = 13 + 76. Is v a composite number?
False
Let g(i) = i + 11. Let w be g(-9). Suppose 6*d + 4*l = d + 373, 0 = -w*d + 2*l + 160. Is d prime?
False
Let g = 176 + -129. Is g a composite number?
False
Let o = 88 - 157. Let q = -14 - o. Is q prime?
False
Let f = -70 - -1527. Is f prime?
False
Let t = 549 + -1226. Let g = t + 970. Is g a prime number?
True
Let w(x) = 372*x + 1. Let v be w(1). Suppose -4*m - 41 = -v. Is m a composite number?
False
Let j be (-2 - (4 - 3))/(-1). Suppose 5*u = j*u + 50. Is u a composite number?
True
Suppose -r + 3*a + 102 = r, -2*r + 134 = 5*a. Suppose 0*s - r = -s. Is s a composite number?
True
Suppose -410 = -0*g + 5*g + 4*k, -g = -k + 91. Let i = -350 - -495. Let w = g + i. Is w a composite number?
False
Let v(g) = -2*g**3 - 4*g**2 + 2*g + 3. Let d be -2 + 3*6/(-9). Is v(d) a prime number?
True
Is ((-21)/(-6) + -3)*(2518 - 0) a prime number?
True
Is (-5861)/(-13) - 16/(-104) a composite number?
True
Let q be ((-93)/(-12))/((-3)/(-12)). Suppose -q = -i + 54. Is i composite?
True
Let g be 1 + 4 - (-5 + -305). Let s(d) = 21*d**2 + 4*d + 1. Let f be s(-5). Let v = f - g. Is v composite?
False
Let j(k) = -k - 3. Let n be j(-5). Suppose -3*s + 0*p - 2*p = -4, n = 3*s + p. Let d = 23 - s. Is d composite?
False
Suppose -3*l + 4787 = 5*j, l - 3*j = -379 + 1956. Is l prime?
False
Let z(f) = 9*f - 2. Is z(13) prime?
False
Suppose -2*g - 2*g = -5*i - 68, 0 = g - i - 16. Is (-2082)/(-14) + g/42 a composite number?
False
Let v(b) = b**3 - 6*b**2 - 6. Let u be v(7). Let y = u + -9. Is y composite?
True
Let u(m) = -m**2 - 1. Let i be u(0). Let h be 2*((-3)/(-6) - i). Suppose 4*y = 2*q + 654, y + 323 = 3*y + h*q. Is y a composite number?
False
Let t = 73 - -50. Is t composite?
True
Let x = 9 + -24. Let t = x - -22. Is t a prime number?
True
Let t = 10 - 5. Suppose -5*o - 255 = -t*c, c + o - 108 = -c. Is c a prime number?
True
Let c(z) = z**3 + 5*z**2 + 5*z + 4. Let w be c(-4). Is (w + 1)/(2/298) prime?
True
Let y(l) = l**2 + 6*l - 11. Let x(z) = z**2 - 13*z + 14. Let f be x(11). Let s be y(f). Suppose 0 = -3*b + 2*m + 159, s*b + 0*m - 265 = m. Is b a prime number?
True
Let j(u) = 7*u**2 - u + 5. Suppose 5*i - 44 = 3*b, 4*i - 4*b - 37 = -b. Is j(i) a composite number?
True
Let s(c) = -c**3 - 5*c**2 - c - 3. Let a be s(-5). Suppose -a*u - 40 = -446. Is u a composite number?
True
Is ((-1578)/24)/(1/(-20)) composite?
True
Let c be ((-914)/4)/((-4)/8). Let j = c + -156. Is j a prime number?
False
Suppose 4*v = 4, 4*k - v - 67 = 16. Is k prime?
False
Suppose 3*f - 12*f + 31599 = 0. Is f a prime number?
True
Let x(g) = 6*g**3 - g**2 + 3*g + 2. Let r be x(-2). Suppose 4*h - 3*v - 8 = 0, 5*h + 2*v = 9 + 1. Is (-4)/(r/26 + h) composite?
True
Suppose y = 1 - 4. Let l = -3 - y. Suppose -2*c + 118 = -l*c. Is c composite?
False
Let o = 3 + -4. Let d(a) = -78*a**3 + 2*a**2 + 2*a + 1. Is d(o) composite?
False
Let n = 61 - 22. Is n composite?
True
Let s(k) = 2*k - 3 + 8 + 3*k - 6*k + k**2. Is s(-10) composite?
True
Suppose -6*q + 2*h = -3*q - 7, 5*h = -q + 25. Suppose -10 = -4*o - 3*j + 12, o + 6 = q*j. Suppose o*f - 186 = 290. Is f a prime number?
False
Let p(w) be the second derivative of -w**4/6 - w**2 + w. Let k be p(-6). Let v = k + 153. Is v a composite number?
False
Let u = 5 - 2. Suppose -481 = -u*x + 4*y - 9*y, -787 = -5*x - y. Is x a prime number?
True
Let o(a) = 106*a - 5. Is o(4) composite?
False
Suppose 7*c = 2*c + 595. Is c a composite number?
True
Let c(w) = w**2 + 9*w + 8. Let d be c(-8). Let g = 1 - d. Is -1 + g - -3*2 a prime number?
False
Let g be (-5)/((-15)/18) - 1. Suppose 0 = -i - 0*i + 3*z + 41, 192 = 4*i - g*z. Is i composite?
False
Let l(n) be the first derivative of -44*n**2 + n + 1. Let z = 19 + -20. Is l(z) composite?
False
Is 66/(12/4)*29/2 a composite number?
True
Let x be (-11)/3*18/(-1). Suppose 3*l + 3*n + 123 = 0, -4*l + 0*n = 2*n + 168. Let b = l + x. Is b a composite number?
False
Let n = -2 - -3. Is n + 3 + -1 - -71 composite?
True
Let p(j) = -j**3 + j**2 + 5*j + 5. Is p(-8) prime?
True
Let m = 15 + -10. Suppose 2*w + 2*v = 160, 3*w - 2*w + m*v - 84 = 0. Is w a composite number?
False
Suppose -5 - 15 = 5*o. Suppose 2 + 2 = -4*k - 3*j, -24 = -2*k + 5*j. Is ((-2)/o)/(k/124) a prime number?
True
Let x = -3 + 544. Is x prime?
True
Suppose 312 - 57 = 5*i. Let x = -5 + i. Is x a prime number?
False
Let w be (12/(-10))/(4/(-80)*6). Let u = 4 + -2. Is ((-298)/(-4))/(u/w) composite?
False
Suppose 5*x = 2*v - 467 - 709, 3*v - 3*x = 1755. Is v a prime number?
False
Suppose -220 = -4*c + 2*d, -3*c - d = 4*d - 165. Is c a composite number?
True
Let j be (-46)/(((-4)/73)/2). Suppose 1645 = 4*g - o, 0 = -5*g + 5*o + j + 396. Is (-2)/(-9) + g/18 a composite number?
False
Suppose 0 = 5*q - 5, -5*q + 16 = -3*k - 1. Is (-2)/(-4) + (-346)/k a composite number?
True
Let c be -1 + 0 + -1 + -391. Let i = c - -831. Is 2/(-7) - i/(-14) prime?
True
Let c be (-2)/(-4)*(4 + -2). Let a be ((-1)/3)/(c/3). Let l(y) = 20*y**2 - y. Is l(a) prime?
False
Suppose -4*q + 3*u = 7*u - 760, -2*u = -10. Is q composite?
True
Let f(a) = -a**3 + 19*a**2 - 2*a + 13. Is f(17) prime?
True
Let v(l) = -l**3 - l**2 + l + 4. Let y be v(0). Suppose -2*q - 430 = -y*q. Is q prime?
False
Let z be (-4)/22 + 230/55. Suppose 2*h - 14 = -2*y - 0*h, -3*y + 2*h = z. Suppose 174 = 2*w + 4*m, -4*w + y*m + 2*m + 300 = 0. Is w composite?
False
Suppose 3*j + j - 12 = 0. Suppose -3*y + 1058 = 2*y + j*x, 849 = 4*y + 5*x. Is y composite?
False
Let a(d) = -34*d**3 + d**2. Suppose 2 - 1 = -y. Let z be a(y). Suppose 2*k = k + z. Is k a prime number?
False
Let i = -2 - -3. Let k(g) = 79*g**2 + 12 - 12. Is k(i) composite?
False
Let l = -2883 - -6086. Is l composite?
False
Let b = 834 + -353. Is b a composite number?
True
Suppose y - p = 5 - 1, 2 = y + p. Is y composite?
False
Suppose 15215 = 2*y + 15*y. Is y prime?
False
Let c(t) = -7*t - 29. Let m(n) = -3*n - 14. Let a(p) = 4*c(p) - 9*m(p). Let o be a(7). Suppose -199 - 140 = -o*q. Is q a composite number?
False
Let x = -1355 + 2242. Is x prime?
True
Let t = 18 - 20. Is (3 + t)/(2/178) prime?
True
Suppose -r - 609 = -3*t, -2*t - r = r - 414. Suppose -3*w + 347 = -4*p, -5*p + 587 - t = 3*w. Is w prime?
False
Suppose 3*v = -4 + 10. Let k = v - -20. Is k composite?
True
Suppose 4*t + 7*k - 2*k = 37, 5*t - 5 = 2*k. Let p = -3 + t. Suppose 4*c - 3 - 5 = p, 0 = -5*w + 2*c + 181. Is w a composite number?
False
Let o(v) be the third derivative of -1/4*v**4 + 0 - 2/3*v**3 + 0*v + 2*v**2. Is o(-3) prime?
False
Let l(b) = -b**3 + b**2 + 6*b - 5. Let n be l(4). Let t = n + 108. Is t prime?
True
Is 6/(3/4 + 3750/(-5064)) a composite number?
True
Let v(z) = z**2 + 7*z + 6. Let q be v(-4). Let p(c) = -7*c**2 + 19*c - 12. Let o(g) = 13*g**2 - 37*g + 23. Let m(h) = q*o(h) - 11*p(h). Is m(12) a prime number?
False
Let j(u) = -u**3 - 3*u**2 - 3*u. Let k be j(-3). Let n = -6 + k. Suppose -s - n*s + 212 = 0. Is s a prime number?
True
Let v(x) = x**2 - 4*x + 1. Let k be v(7). Is k + 9/6*-2 prime?
True
Let j(w) = -50*w + 1. Suppose -3*f = 2*q + 8, 2*f + 4 = -2*q - 4. Let s be -1*(-1 - -2) - f. Is j(s) composite?
True
Suppose -4*c - 15 = 3*x - 4, -4*x - 15 = 5*c. Is 2/(c/((-329)/(-2))) composite?
True
Suppose 4*j - 6*j + 40 = 0. Let s = j + -10. Is (-96)/(-5) - 2/s composite?
False
Suppose 358 = -3*k - 242. Let j = -73 - k. Is j prime?
True
Suppose 0*b - 1115 = -5*b. Is b a composite number?
False
Suppose 0 = -3*s - 4*h + 12, 3*s - s = -4*h + 12. Suppose s = -0*j - 2*j + 246. Is j a composite number?
True
Let g be (10/(-4))/((-1)/(-6)). Let l be ((-10)/g)/(2/582). Suppose -5*x + 193 = -2*c, -4*x + c = x - l. Is x a prime number?
False
Let k(n) = 3*n**2 - 2*n. Let v be k(2). Let z = v + -4. Suppose 12 = -a + z*a. Is a prime?
False
Let f be -8 + 0*1/3. Let w(l) = l**3 + 10*l**2 - 2*l - 11. Is w(f) composite?
True
Let z(f) = 3*f + 2. Let j = 0 - -7. Is z(j) a composite number?
False
Let c(i) = 7*i**3 + 2*i + 0*i**2 - 2 - i**2 - 2*i**2. Let h be c(3). Is h/5 - (-5)/(-25) a prime number?
False
Let m be (-3)/(9/6)*-2. Let v = 2 - m. Is 7*(-7 - -1)/v composite?
True
Let g = 4 - 7. Is ((-1)/2)/(g/582) composite?
False
Let u(d) be the third derivative of -1/24*